{"id":3228,"date":"2024-08-21T13:06:16","date_gmt":"2024-08-21T13:06:16","guid":{"rendered":"https:\/\/salmalytics.no\/?page_id=3228"},"modified":"2025-08-07T13:20:11","modified_gmt":"2025-08-07T13:20:11","slug":"om-salmalytics","status":"publish","type":"page","link":"https:\/\/salmalytics.no\/?page_id=3228&lang=nb","title":{"rendered":"Om Salmalytics"},"content":{"rendered":"\t\t<div data-elementor-type=\"wp-page\" data-elementor-id=\"3228\" class=\"elementor elementor-3228\">\n\t\t\t\t\t\t<section class=\"elementor-section elementor-top-section elementor-element elementor-element-4f291154 elementor-section-height-min-height elementor-section-boxed elementor-section-height-default elementor-section-items-middle\" data-id=\"4f291154\" data-element_type=\"section\" data-e-type=\"section\" data-settings=\"{&quot;background_background&quot;:&quot;classic&quot;}\">\n\t\t\t\t\t\t\t<div class=\"elementor-background-overlay\"><\/div>\n\t\t\t\t\t\t\t<div class=\"elementor-container elementor-column-gap-default\">\n\t\t\t\t\t<div class=\"elementor-column elementor-col-100 elementor-top-column elementor-element elementor-element-9e725d8\" data-id=\"9e725d8\" data-element_type=\"column\" data-e-type=\"column\">\n\t\t\t<div class=\"elementor-widget-wrap elementor-element-populated\">\n\t\t\t\t\t\t<div class=\"elementor-element elementor-element-69e6cdea elementor-widget elementor-widget-heading\" data-id=\"69e6cdea\" data-element_type=\"widget\" data-e-type=\"widget\" data-widget_type=\"heading.default\">\n\t\t\t\t<div class=\"elementor-widget-container\">\n\t\t\t\t\t<h1 class=\"elementor-heading-title elementor-size-default\">Om Salmalytics  <\/h1>\t\t\t\t<\/div>\n\t\t\t\t<\/div>\n\t\t\t\t\t<\/div>\n\t\t<\/div>\n\t\t\t\t\t<\/div>\n\t\t<\/section>\n\t\t\t\t<section class=\"elementor-section elementor-top-section elementor-element elementor-element-650d4d6c elementor-section-boxed elementor-section-height-default elementor-section-height-default\" data-id=\"650d4d6c\" data-element_type=\"section\" data-e-type=\"section\">\n\t\t\t\t\t\t<div class=\"elementor-container elementor-column-gap-default\">\n\t\t\t\t\t<div class=\"elementor-column elementor-col-100 elementor-top-column elementor-element elementor-element-53b8e3fa\" data-id=\"53b8e3fa\" data-element_type=\"column\" data-e-type=\"column\">\n\t\t\t<div class=\"elementor-widget-wrap elementor-element-populated\">\n\t\t\t\t\t\t<div class=\"elementor-element elementor-element-4f91aba7 elementor-widget elementor-widget-heading\" data-id=\"4f91aba7\" data-element_type=\"widget\" data-e-type=\"widget\" data-widget_type=\"heading.default\">\n\t\t\t\t<div class=\"elementor-widget-container\">\n\t\t\t\t\t<h2 class=\"elementor-heading-title elementor-size-default\">Salmalytics ble grunnlagt av Arnfinn Aunsmo i 2020, drevet av n\u00e6ringens ettersp\u00f8rsel etter st\u00f8tte til \u00e5 h\u00e5ndtere utfordringer der biologi m\u00f8ter kvantitative metoder. Siden oppstarten har selskapet v\u00e6rt involvert i en rekke prosjekter og oppdrag, og leverer uavhengig forskning og r\u00e5dgivning i samarbeid med lakseprodusenter, leverand\u00f8rer og akademiske institusjoner<\/h2>\t\t\t\t<\/div>\n\t\t\t\t<\/div>\n\t\t\t\t\t<\/div>\n\t\t<\/div>\n\t\t\t\t\t<\/div>\n\t\t<\/section>\n\t\t\t\t<section class=\"elementor-section elementor-top-section elementor-element elementor-element-1916ec9a elementor-section-boxed elementor-section-height-default elementor-section-height-default\" data-id=\"1916ec9a\" data-element_type=\"section\" data-e-type=\"section\">\n\t\t\t\t\t\t<div class=\"elementor-container elementor-column-gap-default\">\n\t\t\t\t\t<div class=\"elementor-column elementor-col-100 elementor-top-column elementor-element elementor-element-3df007da\" data-id=\"3df007da\" data-element_type=\"column\" data-e-type=\"column\">\n\t\t\t<div class=\"elementor-widget-wrap elementor-element-populated\">\n\t\t\t\t\t\t<div class=\"elementor-element elementor-element-20ba8712 elementor-widget elementor-widget-image\" data-id=\"20ba8712\" data-element_type=\"widget\" data-e-type=\"widget\" data-widget_type=\"image.default\">\n\t\t\t\t<div class=\"elementor-widget-container\">\n\t\t\t\t\t\t\t\t\t\t\t\t<figure class=\"wp-caption\">\n\t\t\t\t\t\t\t\t\t\t<img decoding=\"async\" src=\"https:\/\/salmalytics.no\/wp-content\/uploads\/elementor\/thumbs\/Arnfinn-Stasoya-2_Foto-Anne-B-Fylling-i-Previwo-e1724242107357-qsxo7l7pky7c7yhu7ndei4o6o6o87ui8jkrdqm0l06.jpg\" title=\"Arnfinn Stas\u00f8ya 2_Foto; Anne B Fylling i Previwo\" alt=\"Arnfinn Stas\u00f8ya 2_Foto; Anne B Fylling i Previwo\" loading=\"lazy\" \/>\t\t\t\t\t\t\t\t\t\t\t<figcaption class=\"widget-image-caption wp-caption-text\">Foto: Anne B. Fylling, Previwo<\/figcaption>\n\t\t\t\t\t\t\t\t\t\t<\/figure>\n\t\t\t\t\t\t\t\t\t<\/div>\n\t\t\t\t<\/div>\n\t\t\t\t<div class=\"elementor-element elementor-element-28d2ed47 elementor-widget elementor-widget-spacer\" data-id=\"28d2ed47\" data-element_type=\"widget\" data-e-type=\"widget\" data-widget_type=\"spacer.default\">\n\t\t\t\t<div class=\"elementor-widget-container\">\n\t\t\t\t\t\t\t<div class=\"elementor-spacer\">\n\t\t\t<div class=\"elementor-spacer-inner\"><\/div>\n\t\t<\/div>\n\t\t\t\t\t\t<\/div>\n\t\t\t\t<\/div>\n\t\t\t\t<div class=\"elementor-element elementor-element-5505c9a4 elementor-widget elementor-widget-text-editor\" data-id=\"5505c9a4\" data-element_type=\"widget\" data-e-type=\"widget\" data-widget_type=\"text-editor.default\">\n\t\t\t\t<div class=\"elementor-widget-container\">\n\t\t\t\t\t\t\t\t\t<p>Hos Salmalytics spesialiserer vi oss p\u00e5 oppdragsforskning og r\u00e5dgivning for havbruksn\u00e6ringen. V\u00e5re tjenester omfatter epidemiologiske og dataanalyser, strategi- og prosjektledelse, \u00f8konomiske analyser, FoU for nye teknologier og produkter, kliniske fors\u00f8k, f\u00f4rmonitorering, samt kursvirksomhet.<\/p><p>\u00a0<\/p><p>Med bakgrunn innen lakseproduksjon, epidemiologi, statistikk, \u00f8konomi og fiskehelse, har v\u00e5rt team h\u00f8y kompetanse, inkludert doktorgrad- og professorutdanning, i kombinasjon med omfattende erfaring. Vi er dedikert til \u00e5 levere resultater av h\u00f8y kvalitet som er b\u00e5de relevante og p\u00e5litelige for v\u00e5re kunder. I tillegg arbeider vi for \u00e5 publisere og tilgjengeliggj\u00f8re funn av allmenn interesse.<\/p><p>\u00a0<\/p><p>Salmalytics har kontorer i Trondheim og Oslo.<\/p>\t\t\t\t\t\t\t\t<\/div>\n\t\t\t\t<\/div>\n\t\t\t\t\t<\/div>\n\t\t<\/div>\n\t\t\t\t\t<\/div>\n\t\t<\/section>\n\t\t\t\t<section class=\"elementor-section elementor-top-section elementor-element elementor-element-4f0f90b0 elementor-section-boxed elementor-section-height-default elementor-section-height-default\" data-id=\"4f0f90b0\" data-element_type=\"section\" data-e-type=\"section\" data-settings=\"{&quot;background_background&quot;:&quot;classic&quot;}\">\n\t\t\t\t\t\t<div class=\"elementor-container elementor-column-gap-default\">\n\t\t\t\t\t<div class=\"elementor-column elementor-col-33 elementor-top-column elementor-element elementor-element-73193fd4\" data-id=\"73193fd4\" data-element_type=\"column\" data-e-type=\"column\">\n\t\t\t<div class=\"elementor-widget-wrap\">\n\t\t\t\t\t\t\t<\/div>\n\t\t<\/div>\n\t\t\t\t<div class=\"elementor-column elementor-col-33 elementor-top-column elementor-element elementor-element-5f5e4ae0\" data-id=\"5f5e4ae0\" data-element_type=\"column\" data-e-type=\"column\">\n\t\t\t<div class=\"elementor-widget-wrap elementor-element-populated\">\n\t\t\t\t\t\t<div class=\"elementor-element elementor-element-5404e86e elementor-widget elementor-widget-image\" data-id=\"5404e86e\" data-element_type=\"widget\" data-e-type=\"widget\" data-widget_type=\"image.default\">\n\t\t\t\t<div class=\"elementor-widget-container\">\n\t\t\t\t\t\t\t\t\t\t\t\t\t\t\t<img decoding=\"async\" src=\"https:\/\/salmalytics.no\/wp-content\/uploads\/2021\/11\/quotes.svg\" class=\"attachment-full size-full wp-image-117\" alt=\"\" \/>\t\t\t\t\t\t\t\t\t\t\t\t\t\t\t<\/div>\n\t\t\t\t<\/div>\n\t\t\t\t<div class=\"elementor-element elementor-element-29cde41f elementor-widget elementor-widget-heading\" data-id=\"29cde41f\" data-element_type=\"widget\" data-e-type=\"widget\" data-widget_type=\"heading.default\">\n\t\t\t\t<div class=\"elementor-widget-container\">\n\t\t\t\t\t<h4 class=\"elementor-heading-title elementor-size-default\">\u201cFor \u00e5 videreutvikle industrien er det avgj\u00f8rende at akt\u00f8rene tar beslutninger basert p\u00e5 den beste tilgjengelige informasjonen. Hos Salmalytics er vi dedikert til \u00e5 fremstille evidensbasert beslutningsst\u00f8tte for \u00e5 fremme b\u00e6rekraftig produksjon\u201d<\/h4>\t\t\t\t<\/div>\n\t\t\t\t<\/div>\n\t\t\t\t<div class=\"elementor-element elementor-element-241a5245 elementor-widget elementor-widget-image\" data-id=\"241a5245\" data-element_type=\"widget\" data-e-type=\"widget\" data-widget_type=\"image.default\">\n\t\t\t\t<div class=\"elementor-widget-container\">\n\t\t\t\t\t\t\t\t\t\t\t\t\t\t\t<img fetchpriority=\"high\" decoding=\"async\" width=\"301\" height=\"300\" src=\"https:\/\/salmalytics.no\/wp-content\/uploads\/2024\/08\/Arnfinn-bilde.jpg\" class=\"attachment-full size-full wp-image-2190\" alt=\"\" srcset=\"https:\/\/salmalytics.no\/wp-content\/uploads\/2024\/08\/Arnfinn-bilde.jpg 301w, https:\/\/salmalytics.no\/wp-content\/uploads\/2024\/08\/Arnfinn-bilde-150x150.jpg 150w\" sizes=\"(max-width: 301px) 100vw, 301px\" \/>\t\t\t\t\t\t\t\t\t\t\t\t\t\t\t<\/div>\n\t\t\t\t<\/div>\n\t\t\t\t<div class=\"elementor-element elementor-element-750f0579 elementor-widget elementor-widget-text-editor\" data-id=\"750f0579\" data-element_type=\"widget\" data-e-type=\"widget\" data-widget_type=\"text-editor.default\">\n\t\t\t\t<div class=\"elementor-widget-container\">\n\t\t\t\t\t\t\t\t\t<p>Arnfinn Aunsmo &#8211; CEO<\/p>\t\t\t\t\t\t\t\t<\/div>\n\t\t\t\t<\/div>\n\t\t\t\t\t<\/div>\n\t\t<\/div>\n\t\t\t\t<div class=\"elementor-column elementor-col-33 elementor-top-column elementor-element elementor-element-5e1e2b2b\" data-id=\"5e1e2b2b\" data-element_type=\"column\" data-e-type=\"column\">\n\t\t\t<div class=\"elementor-widget-wrap\">\n\t\t\t\t\t\t\t<\/div>\n\t\t<\/div>\n\t\t\t\t\t<\/div>\n\t\t<\/section>\n\t\t\t\t<\/div>\n\t\t","protected":false},"excerpt":{"rendered":"<p>Om Salmalytics Salmalytics ble grunnlagt av Arnfinn Aunsmo i 2020, drevet av n\u00e6ringens ettersp\u00f8rsel etter st\u00f8tte til \u00e5 h\u00e5ndtere utfordringer der biologi m\u00f8ter kvantitative metoder. Siden oppstarten har selskapet v\u00e6rt involvert i en rekke prosjekter og oppdrag, og leverer uavhengig forskning og r\u00e5dgivning i samarbeid med lakseprodusenter, leverand\u00f8rer og akademiske institusjoner Foto: Anne B. Fylling, [&hellip;]<\/p>\n","protected":false},"author":1,"featured_media":0,"parent":0,"menu_order":0,"comment_status":"closed","ping_status":"closed","template":"","meta":{"site-sidebar-layout":"no-sidebar","site-content-layout":"page-builder","ast-site-content-layout":"default","site-content-style":"default","site-sidebar-style":"default","ast-global-header-display":"","ast-banner-title-visibility":"","ast-main-header-display":"","ast-hfb-above-header-display":"","ast-hfb-below-header-display":"","ast-hfb-mobile-header-display":"","site-post-title":"disabled","ast-breadcrumbs-content":"","ast-featured-img":"disabled","footer-sml-layout":"","ast-disable-related-posts":"","theme-transparent-header-meta":"enabled","adv-header-id-meta":"","stick-header-meta":"","header-above-stick-meta":"","header-main-stick-meta":"","header-below-stick-meta":"","astra-migrate-meta-layouts":"default","ast-page-background-enabled":"default","ast-page-background-meta":{"desktop":{"background-color":"var(--ast-global-color-4)","background-image":"","background-repeat":"repeat","background-position":"center center","background-size":"auto","background-attachment":"scroll","background-type":"","background-media":"","overlay-type":"","overlay-color":"","overlay-opacity":"","overlay-gradient":""},"tablet":{"background-color":"","background-image":"","background-repeat":"repeat","background-position":"center center","background-size":"auto","background-attachment":"scroll","background-type":"","background-media":"","overlay-type":"","overlay-color":"","overlay-opacity":"","overlay-gradient":""},"mobile":{"background-color":"","background-image":"","background-repeat":"repeat","background-position":"center center","background-size":"auto","background-attachment":"scroll","background-type":"","background-media":"","overlay-type":"","overlay-color":"","overlay-opacity":"","overlay-gradient":""}},"ast-content-background-meta":{"desktop":{"background-color":"var(--ast-global-color-5)","background-image":"","background-repeat":"repeat","background-position":"center center","background-size":"auto","background-attachment":"scroll","background-type":"","background-media":"","overlay-type":"","overlay-color":"","overlay-opacity":"","overlay-gradient":""},"tablet":{"background-color":"var(--ast-global-color-5)","background-image":"","background-repeat":"repeat","background-position":"center center","background-size":"auto","background-attachment":"scroll","background-type":"","background-media":"","overlay-type":"","overlay-color":"","overlay-opacity":"","overlay-gradient":""},"mobile":{"background-color":"var(--ast-global-color-5)","background-image":"","background-repeat":"repeat","background-position":"center center","background-size":"auto","background-attachment":"scroll","background-type":"","background-media":"","overlay-type":"","overlay-color":"","overlay-opacity":"","overlay-gradient":""}},"footnotes":""},"class_list":["post-3228","page","type-page","status-publish","hentry"],"rttpg_featured_image_url":null,"rttpg_author":{"display_name":"admin","author_link":"https:\/\/salmalytics.no\/?author=1"},"rttpg_comment":0,"rttpg_category":" <a href=\"https:\/\/salmalytics.no\/?lang=nb\" rel=\"tag\">Norsk Bokm\u00e5l<\/a>","rttpg_excerpt":"Om Salmalytics Salmalytics ble grunnlagt av Arnfinn Aunsmo i 2020, drevet av n\u00e6ringens ettersp\u00f8rsel etter st\u00f8tte til \u00e5 h\u00e5ndtere utfordringer der biologi m\u00f8ter kvantitative metoder. Siden oppstarten har selskapet v\u00e6rt involvert i en rekke prosjekter og oppdrag, og leverer uavhengig forskning og r\u00e5dgivning i samarbeid med lakseprodusenter, leverand\u00f8rer og akademiske institusjoner Foto: Anne B. Fylling,&hellip;","_links":{"self":[{"href":"https:\/\/salmalytics.no\/index.php?rest_route=\/wp\/v2\/pages\/3228","targetHints":{"allow":["GET"]}}],"collection":[{"href":"https:\/\/salmalytics.no\/index.php?rest_route=\/wp\/v2\/pages"}],"about":[{"href":"https:\/\/salmalytics.no\/index.php?rest_route=\/wp\/v2\/types\/page"}],"author":[{"embeddable":true,"href":"https:\/\/salmalytics.no\/index.php?rest_route=\/wp\/v2\/users\/1"}],"replies":[{"embeddable":true,"href":"https:\/\/salmalytics.no\/index.php?rest_route=%2Fwp%2Fv2%2Fcomments&post=3228"}],"version-history":[{"count":37,"href":"https:\/\/salmalytics.no\/index.php?rest_route=\/wp\/v2\/pages\/3228\/revisions"}],"predecessor-version":[{"id":4081,"href":"https:\/\/salmalytics.no\/index.php?rest_route=\/wp\/v2\/pages\/3228\/revisions\/4081"}],"wp:attachment":[{"href":"https:\/\/salmalytics.no\/index.php?rest_route=%2Fwp%2Fv2%2Fmedia&parent=3228"}],"curies":[{"name":"wp","href":"https:\/\/api.w.org\/{rel}","templated":true}]}}