{"id":3234,"date":"2024-08-21T13:08:35","date_gmt":"2024-08-21T13:08:35","guid":{"rendered":"https:\/\/salmalytics.no\/?page_id=3234"},"modified":"2025-09-08T10:33:46","modified_gmt":"2025-09-08T10:33:46","slug":"team-2","status":"publish","type":"page","link":"https:\/\/salmalytics.no\/?page_id=3234&lang=nb","title":{"rendered":"Team"},"content":{"rendered":"\t\t<div data-elementor-type=\"wp-page\" data-elementor-id=\"3234\" class=\"elementor elementor-3234\">\n\t\t\t\t\t\t<section class=\"elementor-section elementor-top-section elementor-element elementor-element-2d0d91bb elementor-section-height-min-height elementor-section-boxed elementor-section-height-default elementor-section-items-middle\" data-id=\"2d0d91bb\" data-element_type=\"section\" data-e-type=\"section\" data-settings=\"{&quot;background_background&quot;:&quot;classic&quot;}\">\n\t\t\t\t\t\t\t<div class=\"elementor-background-overlay\"><\/div>\n\t\t\t\t\t\t\t<div class=\"elementor-container elementor-column-gap-default\">\n\t\t\t\t\t<div class=\"elementor-column elementor-col-100 elementor-top-column elementor-element elementor-element-5ba7eeaa\" data-id=\"5ba7eeaa\" data-element_type=\"column\" data-e-type=\"column\">\n\t\t\t<div class=\"elementor-widget-wrap elementor-element-populated\">\n\t\t\t\t\t\t<div class=\"elementor-element elementor-element-3bb3a386 elementor-widget elementor-widget-heading\" data-id=\"3bb3a386\" data-element_type=\"widget\" data-e-type=\"widget\" data-widget_type=\"heading.default\">\n\t\t\t\t<div class=\"elementor-widget-container\">\n\t\t\t\t\t<h1 class=\"elementor-heading-title elementor-size-default\">V\u00e5rt team<\/h1>\t\t\t\t<\/div>\n\t\t\t\t<\/div>\n\t\t\t\t\t<\/div>\n\t\t<\/div>\n\t\t\t\t\t<\/div>\n\t\t<\/section>\n\t\t\t\t<section class=\"elementor-section elementor-top-section elementor-element elementor-element-582f50b3 elementor-section-content-middle elementor-section-boxed elementor-section-height-default elementor-section-height-default\" data-id=\"582f50b3\" data-element_type=\"section\" data-e-type=\"section\">\n\t\t\t\t\t\t<div class=\"elementor-container elementor-column-gap-no\">\n\t\t\t\t\t<div class=\"elementor-column elementor-col-100 elementor-top-column elementor-element elementor-element-7f9949fc\" data-id=\"7f9949fc\" data-element_type=\"column\" data-e-type=\"column\" data-settings=\"{&quot;background_background&quot;:&quot;classic&quot;}\">\n\t\t\t<div class=\"elementor-widget-wrap elementor-element-populated\">\n\t\t\t\t\t\t<section class=\"elementor-section elementor-inner-section elementor-element elementor-element-7340b574 elementor-section-boxed elementor-section-height-default elementor-section-height-default\" data-id=\"7340b574\" data-element_type=\"section\" data-e-type=\"section\">\n\t\t\t\t\t\t<div class=\"elementor-container elementor-column-gap-default\">\n\t\t\t\t\t<div class=\"elementor-column elementor-col-50 elementor-inner-column elementor-element elementor-element-58245edf\" data-id=\"58245edf\" data-element_type=\"column\" data-e-type=\"column\" data-settings=\"{&quot;background_background&quot;:&quot;classic&quot;}\">\n\t\t\t<div class=\"elementor-widget-wrap elementor-element-populated\">\n\t\t\t\t\t\t<div class=\"elementor-element elementor-element-77a714b5 elementor-position-left elementor-vertical-align-middle elementor-widget elementor-widget-image-box\" data-id=\"77a714b5\" data-element_type=\"widget\" data-e-type=\"widget\" data-widget_type=\"image-box.default\">\n\t\t\t\t<div class=\"elementor-widget-container\">\n\t\t\t\t\t<div class=\"elementor-image-box-wrapper\"><figure class=\"elementor-image-box-img\"><img fetchpriority=\"high\" decoding=\"async\" width=\"301\" height=\"300\" src=\"https:\/\/salmalytics.no\/wp-content\/uploads\/2024\/08\/Arnfinn-bilde.jpg\" class=\"attachment-full size-full wp-image-2190\" alt=\"\" srcset=\"https:\/\/salmalytics.no\/wp-content\/uploads\/2024\/08\/Arnfinn-bilde.jpg 301w, https:\/\/salmalytics.no\/wp-content\/uploads\/2024\/08\/Arnfinn-bilde-150x150.jpg 150w\" sizes=\"(max-width: 301px) 100vw, 301px\" \/><\/figure><div class=\"elementor-image-box-content\"><h3 class=\"elementor-image-box-title\">Arnfinn Aunsmo<\/h3><p class=\"elementor-image-box-description\">CEO og grunnlegger\n\n<\/p><\/div><\/div>\t\t\t\t<\/div>\n\t\t\t\t<\/div>\n\t\t\t\t<div class=\"elementor-element elementor-element-67382e19 elementor-widget elementor-widget-text-editor\" data-id=\"67382e19\" data-element_type=\"widget\" data-e-type=\"widget\" data-widget_type=\"text-editor.default\">\n\t\t\t\t<div class=\"elementor-widget-container\">\n\t\t\t\t\t\t\t\t\t<p>Arnfinn Aunsmo er veterin\u00e6r, utdannet ved Edinburgh University i 1994, og har en doktorgrad fra Norges veterin\u00e6rh\u00f8gskole i 2009. Han har for tiden en deltidsstilling som Professor II i helsestyring i akvakultur ved Norges milj\u00f8- og biovitenskapelige universitet (NMBU).<br \/><br \/><\/p><p>Arnfinn har omfattende bransjeerfaring fra roller som leder for biologi og ern\u00e6ring hos SalMar, COO hos AquaGen, fiskehelseleder og utviklingsdirekt\u00f8r hos M\u00e5s\u00f8val, samt COO hos Ice Fish Farm p\u00e5 Island.<br \/><br \/><\/p><p>Mobil: +47 480 83 021<\/p><p>E-mail: arnfinn@salmalytics.no<\/p>\t\t\t\t\t\t\t\t<\/div>\n\t\t\t\t<\/div>\n\t\t\t\t<div class=\"elementor-element elementor-element-5e21e6fe e-grid-align-mobile-center elementor-shape-rounded elementor-grid-0 e-grid-align-center elementor-widget elementor-widget-social-icons\" data-id=\"5e21e6fe\" data-element_type=\"widget\" data-e-type=\"widget\" data-widget_type=\"social-icons.default\">\n\t\t\t\t<div class=\"elementor-widget-container\">\n\t\t\t\t\t\t\t<div class=\"elementor-social-icons-wrapper elementor-grid\">\n\t\t\t\t\t\t\t<span class=\"elementor-grid-item\">\n\t\t\t\t\t<a class=\"elementor-icon elementor-social-icon elementor-social-icon-linkedin elementor-animation-grow elementor-repeater-item-470629d\" href=\"https:\/\/www.linkedin.com\/in\/aunsmo-arnfinn-4607b375\/\" target=\"_blank\">\n\t\t\t\t\t\t<span class=\"elementor-screen-only\">Linkedin<\/span>\n\t\t\t\t\t\t<i aria-hidden=\"true\" class=\"fab fa-linkedin\"><\/i>\t\t\t\t\t<\/a>\n\t\t\t\t<\/span>\n\t\t\t\t\t<\/div>\n\t\t\t\t\t\t<\/div>\n\t\t\t\t<\/div>\n\t\t\t\t\t<\/div>\n\t\t<\/div>\n\t\t\t\t<div class=\"elementor-column elementor-col-50 elementor-inner-column elementor-element elementor-element-572cd448\" data-id=\"572cd448\" data-element_type=\"column\" data-e-type=\"column\" data-settings=\"{&quot;background_background&quot;:&quot;classic&quot;}\">\n\t\t\t<div class=\"elementor-widget-wrap elementor-element-populated\">\n\t\t\t\t\t\t<div class=\"elementor-element elementor-element-3289778a elementor-position-left elementor-vertical-align-middle elementor-widget elementor-widget-image-box\" data-id=\"3289778a\" data-element_type=\"widget\" data-e-type=\"widget\" data-widget_type=\"image-box.default\">\n\t\t\t\t<div class=\"elementor-widget-container\">\n\t\t\t\t\t<div class=\"elementor-image-box-wrapper\"><figure class=\"elementor-image-box-img\"><img decoding=\"async\" width=\"2560\" height=\"2553\" src=\"https:\/\/salmalytics.no\/wp-content\/uploads\/2024\/08\/Jostein_AFH1114-1-scaled.jpg\" class=\"attachment-full size-full wp-image-2188\" alt=\"\" srcset=\"https:\/\/salmalytics.no\/wp-content\/uploads\/2024\/08\/Jostein_AFH1114-1-scaled.jpg 2560w, https:\/\/salmalytics.no\/wp-content\/uploads\/2024\/08\/Jostein_AFH1114-1-300x300.jpg 300w, https:\/\/salmalytics.no\/wp-content\/uploads\/2024\/08\/Jostein_AFH1114-1-1024x1021.jpg 1024w, https:\/\/salmalytics.no\/wp-content\/uploads\/2024\/08\/Jostein_AFH1114-1-150x150.jpg 150w, https:\/\/salmalytics.no\/wp-content\/uploads\/2024\/08\/Jostein_AFH1114-1-768x766.jpg 768w, https:\/\/salmalytics.no\/wp-content\/uploads\/2024\/08\/Jostein_AFH1114-1-1536x1532.jpg 1536w, https:\/\/salmalytics.no\/wp-content\/uploads\/2024\/08\/Jostein_AFH1114-1-2048x2043.jpg 2048w\" sizes=\"(max-width: 2560px) 100vw, 2560px\" \/><\/figure><div class=\"elementor-image-box-content\"><h3 class=\"elementor-image-box-title\">Jostein Mulder Pettersen<\/h3><p class=\"elementor-image-box-description\">Senior researcher\n\n<\/p><\/div><\/div>\t\t\t\t<\/div>\n\t\t\t\t<\/div>\n\t\t\t\t<div class=\"elementor-element elementor-element-72c502e9 elementor-widget elementor-widget-text-editor\" data-id=\"72c502e9\" data-element_type=\"widget\" data-e-type=\"widget\" data-widget_type=\"text-editor.default\">\n\t\t\t\t<div class=\"elementor-widget-container\">\n\t\t\t\t\t\t\t\t\t<p>Jostein er veterin\u00e6r, utdannet ved Norges veterin\u00e6rh\u00f8gskole i 2012. Han fullf\u00f8rte sin doktorgrad i 2017 ved Norges milj\u00f8- og biovitenskapelige universitet (NMBU), med spesialisering i epidemiologi og dyrehelse\u00f8konomi.<\/p><p>\u00a0<\/p><p>Jostein begynte i Salmalytics i august 2024. Han bringer verdifull erfaring fra akvakulturn\u00e6ringen, etter \u00e5 ha jobbet med leverand\u00f8rer som Pharmaq (en del av Zoetis), hvor han arbeidet med utvikling av vaksiner til fisk. Han har tidligere jobbet med forskning og utvikling samt r\u00e5dgivning hos PatoGen.<\/p><p>\u00a0<\/p><p>Mobil: +47 997 67 958<\/p><p>E-mail: jostein@salmalytics.no<\/p>\t\t\t\t\t\t\t\t<\/div>\n\t\t\t\t<\/div>\n\t\t\t\t<div class=\"elementor-element elementor-element-21eb3484 e-grid-align-mobile-center elementor-shape-rounded elementor-grid-0 e-grid-align-center elementor-widget elementor-widget-social-icons\" data-id=\"21eb3484\" data-element_type=\"widget\" data-e-type=\"widget\" data-widget_type=\"social-icons.default\">\n\t\t\t\t<div class=\"elementor-widget-container\">\n\t\t\t\t\t\t\t<div class=\"elementor-social-icons-wrapper elementor-grid\">\n\t\t\t\t\t\t\t<span class=\"elementor-grid-item\">\n\t\t\t\t\t<a class=\"elementor-icon elementor-social-icon elementor-social-icon-linkedin elementor-animation-grow elementor-repeater-item-470629d\" href=\"https:\/\/www.linkedin.com\/in\/jostein-mulder-pettersen-3a8612183\/\" target=\"_blank\">\n\t\t\t\t\t\t<span class=\"elementor-screen-only\">Linkedin<\/span>\n\t\t\t\t\t\t<i aria-hidden=\"true\" class=\"fab fa-linkedin\"><\/i>\t\t\t\t\t<\/a>\n\t\t\t\t<\/span>\n\t\t\t\t\t<\/div>\n\t\t\t\t\t\t<\/div>\n\t\t\t\t<\/div>\n\t\t\t\t\t<\/div>\n\t\t<\/div>\n\t\t\t\t\t<\/div>\n\t\t<\/section>\n\t\t\t\t<section class=\"elementor-section elementor-inner-section elementor-element elementor-element-366c66b9 elementor-section-boxed elementor-section-height-default elementor-section-height-default\" data-id=\"366c66b9\" data-element_type=\"section\" data-e-type=\"section\">\n\t\t\t\t\t\t<div class=\"elementor-container elementor-column-gap-default\">\n\t\t\t\t\t<div class=\"elementor-column elementor-col-50 elementor-inner-column elementor-element elementor-element-6a2ade37\" data-id=\"6a2ade37\" data-element_type=\"column\" data-e-type=\"column\" data-settings=\"{&quot;background_background&quot;:&quot;classic&quot;}\">\n\t\t\t<div class=\"elementor-widget-wrap elementor-element-populated\">\n\t\t\t\t\t\t<div class=\"elementor-element elementor-element-18ad06a5 elementor-position-left elementor-vertical-align-middle elementor-widget elementor-widget-image-box\" data-id=\"18ad06a5\" data-element_type=\"widget\" data-e-type=\"widget\" data-widget_type=\"image-box.default\">\n\t\t\t\t<div class=\"elementor-widget-container\">\n\t\t\t\t\t<div class=\"elementor-image-box-wrapper\"><figure class=\"elementor-image-box-img\"><img decoding=\"async\" width=\"945\" height=\"907\" src=\"https:\/\/salmalytics.no\/wp-content\/uploads\/2025\/08\/Salman-Malik-bilde.png\" class=\"attachment-full size-full wp-image-4083\" alt=\"\" srcset=\"https:\/\/salmalytics.no\/wp-content\/uploads\/2025\/08\/Salman-Malik-bilde.png 945w, https:\/\/salmalytics.no\/wp-content\/uploads\/2025\/08\/Salman-Malik-bilde-300x288.png 300w, https:\/\/salmalytics.no\/wp-content\/uploads\/2025\/08\/Salman-Malik-bilde-768x737.png 768w\" sizes=\"(max-width: 945px) 100vw, 945px\" \/><\/figure><div class=\"elementor-image-box-content\"><h3 class=\"elementor-image-box-title\">Salman Malik<\/h3><p class=\"elementor-image-box-description\">Researcher\n<\/p><\/div><\/div>\t\t\t\t<\/div>\n\t\t\t\t<\/div>\n\t\t\t\t<div class=\"elementor-element elementor-element-421bd269 elementor-widget elementor-widget-text-editor\" data-id=\"421bd269\" data-element_type=\"widget\" data-e-type=\"widget\" data-widget_type=\"text-editor.default\">\n\t\t\t\t<div class=\"elementor-widget-container\">\n\t\t\t\t\t\t\t\t\t<p>Salman Malik er veterin\u00e6r, utdannet i 2009 ved University of Veterinary &amp; Animal Sciences i Lahore, Pakistan. Han har en mastergrad i biomedisin fra University of Sk\u00f6vde i Sverige (2011), og en doktorgrad i fiskevirologi fra Norges milj\u00f8- og biovitenskapelige universitet (NMBU) fra 2021.<\/p><p>\u00a0<\/p><p>Han har bred forskningserfaring innen fiskehelse, med s\u00e6rlig fokus p\u00e5 virus- og bakteriesykdommer, vaksineutvikling og milj\u00f8p\u00e5virkninger. Salman har jobbet som postdoktor ved Nofima og forsker ved NMBU.<\/p><p>\u00a0<\/p><p>\u00a0<\/p><p>Mobil: +47 939 69 955<\/p><p>E-mail: salman@salmalytics.no<\/p>\t\t\t\t\t\t\t\t<\/div>\n\t\t\t\t<\/div>\n\t\t\t\t\t<\/div>\n\t\t<\/div>\n\t\t\t\t<div class=\"elementor-column elementor-col-50 elementor-inner-column elementor-element elementor-element-ba86b58\" data-id=\"ba86b58\" data-element_type=\"column\" data-e-type=\"column\" data-settings=\"{&quot;background_background&quot;:&quot;classic&quot;}\">\n\t\t\t<div class=\"elementor-widget-wrap elementor-element-populated\">\n\t\t\t\t\t\t<div class=\"elementor-element elementor-element-8ec1fdf elementor-position-left elementor-vertical-align-middle elementor-widget elementor-widget-image-box\" data-id=\"8ec1fdf\" data-element_type=\"widget\" data-e-type=\"widget\" data-widget_type=\"image-box.default\">\n\t\t\t\t<div class=\"elementor-widget-container\">\n\t\t\t\t\t<div class=\"elementor-image-box-wrapper\"><figure class=\"elementor-image-box-img\"><img loading=\"lazy\" decoding=\"async\" width=\"300\" height=\"300\" src=\"https:\/\/salmalytics.no\/wp-content\/uploads\/2025\/01\/EysteinV1.jpg\" class=\"attachment-full size-full wp-image-3840\" alt=\"\" srcset=\"https:\/\/salmalytics.no\/wp-content\/uploads\/2025\/01\/EysteinV1.jpg 300w, https:\/\/salmalytics.no\/wp-content\/uploads\/2025\/01\/EysteinV1-150x150.jpg 150w\" sizes=\"(max-width: 300px) 100vw, 300px\" \/><\/figure><div class=\"elementor-image-box-content\"><h3 class=\"elementor-image-box-title\">Eystein Skjerve<\/h3><p class=\"elementor-image-box-description\">Senior researcher\n<\/p><\/div><\/div>\t\t\t\t<\/div>\n\t\t\t\t<\/div>\n\t\t\t\t<div class=\"elementor-element elementor-element-9a52735 elementor-widget elementor-widget-text-editor\" data-id=\"9a52735\" data-element_type=\"widget\" data-e-type=\"widget\" data-widget_type=\"text-editor.default\">\n\t\t\t\t<div class=\"elementor-widget-container\">\n\t\t\t\t\t\t\t\t\t<p>Eystein Skjerve er veterin\u00e6r, utdannet ved Norges veterin\u00e6rh\u00f8gskole (1983), med en doktorgrad fra samme institusjon (1987). <br \/><br \/>Eystein har hatt en lang forskerkarriere ved Norges veterin\u00e6rh\u00f8gskole\/NMBU, med omfattende erfaring i analyser av epidemiologiske data og veiledning av en rekke doktorgradsstudenter. Fra 2000 var han professor i epidemiologi og veterin\u00e6r samfunnsmedisin, frem til han gikk av fra hovedstillingen i 2024. Han er fortsatt tilknyttet NMBU som professor emeritus.<br \/><br \/><\/p><p>Mobil: +47 952 43 560<\/p><p>E-mail: eystein@salmalytics.no<\/p>\t\t\t\t\t\t\t\t<\/div>\n\t\t\t\t<\/div>\n\t\t\t\t\t<\/div>\n\t\t<\/div>\n\t\t\t\t\t<\/div>\n\t\t<\/section>\n\t\t\t\t<section class=\"elementor-section elementor-inner-section elementor-element elementor-element-0ea39eb elementor-section-boxed elementor-section-height-default elementor-section-height-default\" data-id=\"0ea39eb\" data-element_type=\"section\" data-e-type=\"section\">\n\t\t\t\t\t\t<div class=\"elementor-container elementor-column-gap-default\">\n\t\t\t\t\t<div class=\"elementor-column elementor-col-50 elementor-inner-column elementor-element elementor-element-ef40d68\" data-id=\"ef40d68\" data-element_type=\"column\" data-e-type=\"column\" data-settings=\"{&quot;background_background&quot;:&quot;classic&quot;}\">\n\t\t\t<div class=\"elementor-widget-wrap elementor-element-populated\">\n\t\t\t\t\t\t<div class=\"elementor-element elementor-element-7475c72 elementor-position-left elementor-vertical-align-middle elementor-widget elementor-widget-image-box\" data-id=\"7475c72\" data-element_type=\"widget\" data-e-type=\"widget\" data-widget_type=\"image-box.default\">\n\t\t\t\t<div class=\"elementor-widget-container\">\n\t\t\t\t\t<div class=\"elementor-image-box-wrapper\"><figure class=\"elementor-image-box-img\"><img loading=\"lazy\" decoding=\"async\" width=\"2000\" height=\"2000\" src=\"https:\/\/salmalytics.no\/wp-content\/uploads\/2024\/08\/IMG_0524.jpeg\" class=\"attachment-full size-full wp-image-3552\" alt=\"\" srcset=\"https:\/\/salmalytics.no\/wp-content\/uploads\/2024\/08\/IMG_0524.jpeg 2000w, https:\/\/salmalytics.no\/wp-content\/uploads\/2024\/08\/IMG_0524-300x300.jpeg 300w, https:\/\/salmalytics.no\/wp-content\/uploads\/2024\/08\/IMG_0524-1024x1024.jpeg 1024w, https:\/\/salmalytics.no\/wp-content\/uploads\/2024\/08\/IMG_0524-150x150.jpeg 150w, https:\/\/salmalytics.no\/wp-content\/uploads\/2024\/08\/IMG_0524-768x768.jpeg 768w, https:\/\/salmalytics.no\/wp-content\/uploads\/2024\/08\/IMG_0524-1536x1536.jpeg 1536w\" sizes=\"(max-width: 2000px) 100vw, 2000px\" \/><\/figure><div class=\"elementor-image-box-content\"><h3 class=\"elementor-image-box-title\">Martin Skj\u00e5vik<\/h3><p class=\"elementor-image-box-description\">Research associate\n<\/p><\/div><\/div>\t\t\t\t<\/div>\n\t\t\t\t<\/div>\n\t\t\t\t<div class=\"elementor-element elementor-element-ea66c0e elementor-widget elementor-widget-text-editor\" data-id=\"ea66c0e\" data-element_type=\"widget\" data-e-type=\"widget\" data-widget_type=\"text-editor.default\">\n\t\t\t\t<div class=\"elementor-widget-container\">\n\t\t\t\t\t\t\t\t\t<p>Martin Skj\u00e5vik er for tiden veterin\u00e6rstudent ved Norges milj\u00f8- og biovitenskapelige universitet (NMBU) og har jobbet deltid hos Salmalytics siden 2022. Han st\u00f8tter ulike funksjoner i selskapet og har ansvaret for drift av tjenesten for f\u00f4rmonitorering.<\/p><p>\u00a0<\/p><p>Mobil: +47 412 28 638<\/p><p>E-mail: martin@salmalytics.no<\/p>\t\t\t\t\t\t\t\t<\/div>\n\t\t\t\t<\/div>\n\t\t\t\t\t<\/div>\n\t\t<\/div>\n\t\t\t\t<div class=\"elementor-column elementor-col-50 elementor-inner-column elementor-element elementor-element-30f48d5\" data-id=\"30f48d5\" data-element_type=\"column\" data-e-type=\"column\" data-settings=\"{&quot;background_background&quot;:&quot;classic&quot;}\">\n\t\t\t<div class=\"elementor-widget-wrap\">\n\t\t\t\t\t\t\t<\/div>\n\t\t<\/div>\n\t\t\t\t\t<\/div>\n\t\t<\/section>\n\t\t\t\t\t<\/div>\n\t\t<\/div>\n\t\t\t\t\t<\/div>\n\t\t<\/section>\n\t\t\t\t<\/div>\n\t\t","protected":false},"excerpt":{"rendered":"<p>V\u00e5rt team Arnfinn Aunsmo CEO og grunnlegger Arnfinn Aunsmo er veterin\u00e6r, utdannet ved Edinburgh University i 1994, og har en doktorgrad fra Norges veterin\u00e6rh\u00f8gskole i 2009. Han har for tiden en deltidsstilling som Professor II i helsestyring i akvakultur ved Norges milj\u00f8- og biovitenskapelige universitet (NMBU). Arnfinn har omfattende bransjeerfaring fra roller som leder for [&hellip;]<\/p>\n","protected":false},"author":1,"featured_media":0,"parent":0,"menu_order":0,"comment_status":"closed","ping_status":"closed","template":"","meta":{"site-sidebar-layout":"no-sidebar","site-content-layout":"page-builder","ast-site-content-layout":"default","site-content-style":"default","site-sidebar-style":"default","ast-global-header-display":"","ast-banner-title-visibility":"","ast-main-header-display":"","ast-hfb-above-header-display":"","ast-hfb-below-header-display":"","ast-hfb-mobile-header-display":"","site-post-title":"disabled","ast-breadcrumbs-content":"","ast-featured-img":"disabled","footer-sml-layout":"","ast-disable-related-posts":"","theme-transparent-header-meta":"","adv-header-id-meta":"","stick-header-meta":"","header-above-stick-meta":"","header-main-stick-meta":"","header-below-stick-meta":"","astra-migrate-meta-layouts":"default","ast-page-background-enabled":"default","ast-page-background-meta":{"desktop":{"background-color":"var(--ast-global-color-4)","background-image":"","background-repeat":"repeat","background-position":"center center","background-size":"auto","background-attachment":"scroll","background-type":"","background-media":"","overlay-type":"","overlay-color":"","overlay-opacity":"","overlay-gradient":""},"tablet":{"background-color":"","background-image":"","background-repeat":"repeat","background-position":"center center","background-size":"auto","background-attachment":"scroll","background-type":"","background-media":"","overlay-type":"","overlay-color":"","overlay-opacity":"","overlay-gradient":""},"mobile":{"background-color":"","background-image":"","background-repeat":"repeat","background-position":"center center","background-size":"auto","background-attachment":"scroll","background-type":"","background-media":"","overlay-type":"","overlay-color":"","overlay-opacity":"","overlay-gradient":""}},"ast-content-background-meta":{"desktop":{"background-color":"var(--ast-global-color-5)","background-image":"","background-repeat":"repeat","background-position":"center center","background-size":"auto","background-attachment":"scroll","background-type":"","background-media":"","overlay-type":"","overlay-color":"","overlay-opacity":"","overlay-gradient":""},"tablet":{"background-color":"var(--ast-global-color-5)","background-image":"","background-repeat":"repeat","background-position":"center center","background-size":"auto","background-attachment":"scroll","background-type":"","background-media":"","overlay-type":"","overlay-color":"","overlay-opacity":"","overlay-gradient":""},"mobile":{"background-color":"var(--ast-global-color-5)","background-image":"","background-repeat":"repeat","background-position":"center center","background-size":"auto","background-attachment":"scroll","background-type":"","background-media":"","overlay-type":"","overlay-color":"","overlay-opacity":"","overlay-gradient":""}},"footnotes":""},"class_list":["post-3234","page","type-page","status-publish","hentry"],"rttpg_featured_image_url":null,"rttpg_author":{"display_name":"admin","author_link":"https:\/\/salmalytics.no\/?author=1"},"rttpg_comment":0,"rttpg_category":" <a href=\"https:\/\/salmalytics.no\/?lang=nb\" rel=\"tag\">Norsk Bokm\u00e5l<\/a>","rttpg_excerpt":"V\u00e5rt team Arnfinn Aunsmo CEO og grunnlegger Arnfinn Aunsmo er veterin\u00e6r, utdannet ved Edinburgh University i 1994, og har en doktorgrad fra Norges veterin\u00e6rh\u00f8gskole i 2009. Han har for tiden en deltidsstilling som Professor II i helsestyring i akvakultur ved Norges milj\u00f8- og biovitenskapelige universitet (NMBU). Arnfinn har omfattende bransjeerfaring fra roller som leder for&hellip;","_links":{"self":[{"href":"https:\/\/salmalytics.no\/index.php?rest_route=\/wp\/v2\/pages\/3234","targetHints":{"allow":["GET"]}}],"collection":[{"href":"https:\/\/salmalytics.no\/index.php?rest_route=\/wp\/v2\/pages"}],"about":[{"href":"https:\/\/salmalytics.no\/index.php?rest_route=\/wp\/v2\/types\/page"}],"author":[{"embeddable":true,"href":"https:\/\/salmalytics.no\/index.php?rest_route=\/wp\/v2\/users\/1"}],"replies":[{"embeddable":true,"href":"https:\/\/salmalytics.no\/index.php?rest_route=%2Fwp%2Fv2%2Fcomments&post=3234"}],"version-history":[{"count":67,"href":"https:\/\/salmalytics.no\/index.php?rest_route=\/wp\/v2\/pages\/3234\/revisions"}],"predecessor-version":[{"id":4231,"href":"https:\/\/salmalytics.no\/index.php?rest_route=\/wp\/v2\/pages\/3234\/revisions\/4231"}],"wp:attachment":[{"href":"https:\/\/salmalytics.no\/index.php?rest_route=%2Fwp%2Fv2%2Fmedia&parent=3234"}],"curies":[{"name":"wp","href":"https:\/\/api.w.org\/{rel}","templated":true}]}}