{"id":3291,"date":"2024-08-21T13:23:04","date_gmt":"2024-08-21T13:23:04","guid":{"rendered":"https:\/\/salmalytics.no\/?page_id=3291"},"modified":"2025-06-25T07:51:27","modified_gmt":"2025-06-25T07:51:27","slug":"fou-for-nye-teknologier-og-produkter","status":"publish","type":"page","link":"https:\/\/salmalytics.no\/?page_id=3291&lang=nb","title":{"rendered":"FoU for nye teknologier og produkter"},"content":{"rendered":"\t\t<div data-elementor-type=\"wp-page\" data-elementor-id=\"3291\" class=\"elementor elementor-3291\">\n\t\t\t\t\t\t<section class=\"elementor-section elementor-top-section elementor-element elementor-element-39a8322e elementor-section-height-min-height elementor-section-boxed elementor-section-height-default elementor-section-items-middle\" data-id=\"39a8322e\" data-element_type=\"section\" data-e-type=\"section\" data-settings=\"{&quot;background_background&quot;:&quot;classic&quot;}\">\n\t\t\t\t\t\t\t<div class=\"elementor-background-overlay\"><\/div>\n\t\t\t\t\t\t\t<div class=\"elementor-container elementor-column-gap-default\">\n\t\t\t\t\t<div class=\"elementor-column elementor-col-100 elementor-top-column elementor-element elementor-element-6448ba2d\" data-id=\"6448ba2d\" data-element_type=\"column\" data-e-type=\"column\">\n\t\t\t<div class=\"elementor-widget-wrap elementor-element-populated\">\n\t\t\t\t\t\t<div class=\"elementor-element elementor-element-7d20686c elementor-widget elementor-widget-heading\" data-id=\"7d20686c\" data-element_type=\"widget\" data-e-type=\"widget\" data-widget_type=\"heading.default\">\n\t\t\t\t<div class=\"elementor-widget-container\">\n\t\t\t\t\t<h1 class=\"elementor-heading-title elementor-size-default\">FoU for nye teknologier og produkter<\/h1>\t\t\t\t<\/div>\n\t\t\t\t<\/div>\n\t\t\t\t\t<\/div>\n\t\t<\/div>\n\t\t\t\t\t<\/div>\n\t\t<\/section>\n\t\t\t\t<section class=\"elementor-section elementor-top-section elementor-element elementor-element-12b078ec elementor-section-boxed elementor-section-height-default elementor-section-height-default\" data-id=\"12b078ec\" data-element_type=\"section\" data-e-type=\"section\">\n\t\t\t\t\t\t<div class=\"elementor-container elementor-column-gap-default\">\n\t\t\t\t\t<div class=\"elementor-column elementor-col-100 elementor-top-column elementor-element elementor-element-58f5c35f\" data-id=\"58f5c35f\" data-element_type=\"column\" data-e-type=\"column\">\n\t\t\t<div class=\"elementor-widget-wrap elementor-element-populated\">\n\t\t\t\t\t\t<div class=\"elementor-element elementor-element-34abf45f elementor-widget elementor-widget-text-editor\" data-id=\"34abf45f\" data-element_type=\"widget\" data-e-type=\"widget\" data-widget_type=\"text-editor.default\">\n\t\t\t\t<div class=\"elementor-widget-container\">\n\t\t\t\t\t\t\t\t\t<p>Teamet hos Salmalytics har erfaring med utviklingsprosjekter for nye teknologier rettet mot havbruksn\u00e6ringen. V\u00e5r kompetanse dekker ulike omr\u00e5der, inkludert fiskehelse, produksjonsoptimalisering, genetikk, vaksiner, f\u00f4r, lakselusbekjempelse, industriell maskinvare og programvarel\u00f8sninger.<\/p><p>\u00a0<\/p><p>\u00c5 omdanne ideer til konkurransedyktige produkter i bransjen er en lang og utfordrende prosess. Vi hjelper med \u00e5 identifisere utfordringer og muligheter, gjennomf\u00f8re tester, samt skalere og optimalisere l\u00f8sninger for \u00e5 sikre vellykkede resultater.<\/p>\t\t\t\t\t\t\t\t<\/div>\n\t\t\t\t<\/div>\n\t\t\t\t<div class=\"elementor-element elementor-element-52cafe9e elementor-widget-divider--view-line elementor-widget elementor-widget-divider\" data-id=\"52cafe9e\" data-element_type=\"widget\" data-e-type=\"widget\" data-widget_type=\"divider.default\">\n\t\t\t\t<div class=\"elementor-widget-container\">\n\t\t\t\t\t\t\t<div class=\"elementor-divider\">\n\t\t\t<span class=\"elementor-divider-separator\">\n\t\t\t\t\t\t<\/span>\n\t\t<\/div>\n\t\t\t\t\t\t<\/div>\n\t\t\t\t<\/div>\n\t\t\t\t\t<\/div>\n\t\t<\/div>\n\t\t\t\t\t<\/div>\n\t\t<\/section>\n\t\t\t\t<section class=\"elementor-section elementor-top-section elementor-element elementor-element-53865df7 elementor-section-boxed elementor-section-height-default elementor-section-height-default\" data-id=\"53865df7\" data-element_type=\"section\" data-e-type=\"section\">\n\t\t\t\t\t\t<div class=\"elementor-container elementor-column-gap-default\">\n\t\t\t\t\t<div class=\"elementor-column elementor-col-100 elementor-top-column elementor-element elementor-element-21c063d1\" data-id=\"21c063d1\" data-element_type=\"column\" data-e-type=\"column\">\n\t\t\t<div class=\"elementor-widget-wrap elementor-element-populated\">\n\t\t\t\t\t\t<div class=\"elementor-element elementor-element-22193cd9 elementor-widget elementor-widget-spacer\" data-id=\"22193cd9\" data-element_type=\"widget\" data-e-type=\"widget\" data-widget_type=\"spacer.default\">\n\t\t\t\t<div class=\"elementor-widget-container\">\n\t\t\t\t\t\t\t<div class=\"elementor-spacer\">\n\t\t\t<div class=\"elementor-spacer-inner\"><\/div>\n\t\t<\/div>\n\t\t\t\t\t\t<\/div>\n\t\t\t\t<\/div>\n\t\t\t\t\t<\/div>\n\t\t<\/div>\n\t\t\t\t\t<\/div>\n\t\t<\/section>\n\t\t\t\t<section class=\"elementor-section elementor-top-section elementor-element elementor-element-fa77bd elementor-section-boxed elementor-section-height-default elementor-section-height-default\" data-id=\"fa77bd\" data-element_type=\"section\" data-e-type=\"section\">\n\t\t\t\t\t\t<div class=\"elementor-container elementor-column-gap-default\">\n\t\t\t\t\t<div class=\"elementor-column elementor-col-50 elementor-top-column elementor-element elementor-element-4f58814d\" data-id=\"4f58814d\" data-element_type=\"column\" data-e-type=\"column\">\n\t\t\t<div class=\"elementor-widget-wrap elementor-element-populated\">\n\t\t\t\t\t\t<div class=\"elementor-element elementor-element-322b3d39 elementor-widget elementor-widget-heading\" data-id=\"322b3d39\" data-element_type=\"widget\" data-e-type=\"widget\" data-widget_type=\"heading.default\">\n\t\t\t\t<div class=\"elementor-widget-container\">\n\t\t\t\t\t<h2 class=\"elementor-heading-title elementor-size-medium\">Tidligere arbeid:<\/h2>\t\t\t\t<\/div>\n\t\t\t\t<\/div>\n\t\t\t\t<div data-ra-url=\"https:\/\/pubmed.ncbi.nlm.nih.gov\/34402092\/\" data-ra-target=\"_self\" class=\"ra-clickable-wrapper elementor-element elementor-element-7b82687 elementor-widget elementor-widget-text-editor\" style=\"cursor:pointer;\" data-id=\"7b82687\" data-element_type=\"widget\" data-e-type=\"widget\" data-widget_type=\"text-editor.default\">\n\t\t\t\t<div class=\"elementor-widget-container\">\n\t\t\t\t\t\t\t\t\t<ul><li>Aunsmo G., Aunsmo A. 2021. Industry report. Analyse produksjonsdata Aquatraz Eiterfjorden 2021 \u2013 produksjon og \u00f8konomi. \u00c5pen rapport. <a href=\"https:\/\/vov0h40ndw03lvzox17vd51a-wpengine.netdna-ssl.com\/wp-content\/uploads\/sites\/10\/2021\/12\/21-12-analyse-produksjonsdata-aquatraz-eiterfjorden.pdf\">https:\/\/vov0h40ndw03lvzox17vd51a-wpengine.netdna-ssl.com\/wp-content\/uploads\/sites\/10\/2021\/12\/21-12-analyse-produksjonsdata-aquatraz-eiterfjorden.pdf<\/a><\/li><\/ul>\t\t\t\t\t\t\t\t<\/div>\n\t\t\t\t<\/div>\n\t\t\t\t\t<\/div>\n\t\t<\/div>\n\t\t\t\t<div class=\"elementor-column elementor-col-50 elementor-top-column elementor-element elementor-element-676ac278\" data-id=\"676ac278\" data-element_type=\"column\" data-e-type=\"column\">\n\t\t\t<div class=\"elementor-widget-wrap elementor-element-populated\">\n\t\t\t\t\t\t<div class=\"elementor-element elementor-element-10e063a6 elementor-widget elementor-widget-image\" data-id=\"10e063a6\" data-element_type=\"widget\" data-e-type=\"widget\" data-widget_type=\"image.default\">\n\t\t\t\t<div class=\"elementor-widget-container\">\n\t\t\t\t\t\t\t\t\t\t\t\t<figure class=\"wp-caption\">\n\t\t\t\t\t\t\t\t\t\t<img fetchpriority=\"high\" decoding=\"async\" width=\"2268\" height=\"1521\" src=\"https:\/\/salmalytics.no\/wp-content\/uploads\/2024\/08\/Aquatraz-G3_001.jpg\" class=\"attachment-full size-full wp-image-3573\" alt=\"\" srcset=\"https:\/\/salmalytics.no\/wp-content\/uploads\/2024\/08\/Aquatraz-G3_001.jpg 2268w, https:\/\/salmalytics.no\/wp-content\/uploads\/2024\/08\/Aquatraz-G3_001-300x201.jpg 300w, https:\/\/salmalytics.no\/wp-content\/uploads\/2024\/08\/Aquatraz-G3_001-1024x687.jpg 1024w, https:\/\/salmalytics.no\/wp-content\/uploads\/2024\/08\/Aquatraz-G3_001-768x515.jpg 768w, https:\/\/salmalytics.no\/wp-content\/uploads\/2024\/08\/Aquatraz-G3_001-1536x1030.jpg 1536w, https:\/\/salmalytics.no\/wp-content\/uploads\/2024\/08\/Aquatraz-G3_001-2048x1373.jpg 2048w\" sizes=\"(max-width: 2268px) 100vw, 2268px\" \/>\t\t\t\t\t\t\t\t\t\t\t<figcaption class=\"widget-image-caption wp-caption-text\">Foto: Steinar Johansen \/ Salmar<\/figcaption>\n\t\t\t\t\t\t\t\t\t\t<\/figure>\n\t\t\t\t\t\t\t\t\t<\/div>\n\t\t\t\t<\/div>\n\t\t\t\t\t<\/div>\n\t\t<\/div>\n\t\t\t\t\t<\/div>\n\t\t<\/section>\n\t\t\t\t<\/div>\n\t\t","protected":false},"excerpt":{"rendered":"<p>FoU for nye teknologier og produkter Teamet hos Salmalytics har erfaring med utviklingsprosjekter for nye teknologier rettet mot havbruksn\u00e6ringen. V\u00e5r kompetanse dekker ulike omr\u00e5der, inkludert fiskehelse, produksjonsoptimalisering, genetikk, vaksiner, f\u00f4r, lakselusbekjempelse, industriell maskinvare og programvarel\u00f8sninger. \u00a0 \u00c5 omdanne ideer til konkurransedyktige produkter i bransjen er en lang og utfordrende prosess. Vi hjelper med \u00e5 identifisere [&hellip;]<\/p>\n","protected":false},"author":1,"featured_media":0,"parent":0,"menu_order":0,"comment_status":"closed","ping_status":"closed","template":"","meta":{"site-sidebar-layout":"no-sidebar","site-content-layout":"page-builder","ast-site-content-layout":"default","site-content-style":"default","site-sidebar-style":"default","ast-global-header-display":"","ast-banner-title-visibility":"","ast-main-header-display":"","ast-hfb-above-header-display":"","ast-hfb-below-header-display":"","ast-hfb-mobile-header-display":"","site-post-title":"disabled","ast-breadcrumbs-content":"","ast-featured-img":"disabled","footer-sml-layout":"","ast-disable-related-posts":"","theme-transparent-header-meta":"enabled","adv-header-id-meta":"","stick-header-meta":"","header-above-stick-meta":"","header-main-stick-meta":"","header-below-stick-meta":"","astra-migrate-meta-layouts":"default","ast-page-background-enabled":"default","ast-page-background-meta":{"desktop":{"background-color":"var(--ast-global-color-4)","background-image":"","background-repeat":"repeat","background-position":"center center","background-size":"auto","background-attachment":"scroll","background-type":"","background-media":"","overlay-type":"","overlay-color":"","overlay-opacity":"","overlay-gradient":""},"tablet":{"background-color":"","background-image":"","background-repeat":"repeat","background-position":"center center","background-size":"auto","background-attachment":"scroll","background-type":"","background-media":"","overlay-type":"","overlay-color":"","overlay-opacity":"","overlay-gradient":""},"mobile":{"background-color":"","background-image":"","background-repeat":"repeat","background-position":"center center","background-size":"auto","background-attachment":"scroll","background-type":"","background-media":"","overlay-type":"","overlay-color":"","overlay-opacity":"","overlay-gradient":""}},"ast-content-background-meta":{"desktop":{"background-color":"var(--ast-global-color-5)","background-image":"","background-repeat":"repeat","background-position":"center center","background-size":"auto","background-attachment":"scroll","background-type":"","background-media":"","overlay-type":"","overlay-color":"","overlay-opacity":"","overlay-gradient":""},"tablet":{"background-color":"var(--ast-global-color-5)","background-image":"","background-repeat":"repeat","background-position":"center center","background-size":"auto","background-attachment":"scroll","background-type":"","background-media":"","overlay-type":"","overlay-color":"","overlay-opacity":"","overlay-gradient":""},"mobile":{"background-color":"var(--ast-global-color-5)","background-image":"","background-repeat":"repeat","background-position":"center center","background-size":"auto","background-attachment":"scroll","background-type":"","background-media":"","overlay-type":"","overlay-color":"","overlay-opacity":"","overlay-gradient":""}},"footnotes":""},"class_list":["post-3291","page","type-page","status-publish","hentry"],"rttpg_featured_image_url":null,"rttpg_author":{"display_name":"admin","author_link":"https:\/\/salmalytics.no\/?author=1"},"rttpg_comment":0,"rttpg_category":" <a href=\"https:\/\/salmalytics.no\/?lang=nb\" rel=\"tag\">Norsk Bokm\u00e5l<\/a>","rttpg_excerpt":"FoU for nye teknologier og produkter Teamet hos Salmalytics har erfaring med utviklingsprosjekter for nye teknologier rettet mot havbruksn\u00e6ringen. V\u00e5r kompetanse dekker ulike omr\u00e5der, inkludert fiskehelse, produksjonsoptimalisering, genetikk, vaksiner, f\u00f4r, lakselusbekjempelse, industriell maskinvare og programvarel\u00f8sninger. \u00a0 \u00c5 omdanne ideer til konkurransedyktige produkter i bransjen er en lang og utfordrende prosess. Vi hjelper med \u00e5 identifisere&hellip;","_links":{"self":[{"href":"https:\/\/salmalytics.no\/index.php?rest_route=\/wp\/v2\/pages\/3291","targetHints":{"allow":["GET"]}}],"collection":[{"href":"https:\/\/salmalytics.no\/index.php?rest_route=\/wp\/v2\/pages"}],"about":[{"href":"https:\/\/salmalytics.no\/index.php?rest_route=\/wp\/v2\/types\/page"}],"author":[{"embeddable":true,"href":"https:\/\/salmalytics.no\/index.php?rest_route=\/wp\/v2\/users\/1"}],"replies":[{"embeddable":true,"href":"https:\/\/salmalytics.no\/index.php?rest_route=%2Fwp%2Fv2%2Fcomments&post=3291"}],"version-history":[{"count":16,"href":"https:\/\/salmalytics.no\/index.php?rest_route=\/wp\/v2\/pages\/3291\/revisions"}],"predecessor-version":[{"id":4028,"href":"https:\/\/salmalytics.no\/index.php?rest_route=\/wp\/v2\/pages\/3291\/revisions\/4028"}],"wp:attachment":[{"href":"https:\/\/salmalytics.no\/index.php?rest_route=%2Fwp%2Fv2%2Fmedia&parent=3291"}],"curies":[{"name":"wp","href":"https:\/\/api.w.org\/{rel}","templated":true}]}}